 of 432 and 96?
48
Calculate the greatest common divisor of 8614 and 472.
118
Calculate the greatest common factor of 1368 and 72.
72
What is the greatest common divisor of 315 and 189?
63
What is the highest common divisor of 1090 and 35?
5
Calculate the greatest common divisor of 1207 and 142.
71
Calculate the greatest common factor of 112 and 80.
16
What is the greatest common divisor of 496 and 104?
8
Calculate the greatest common factor of 106 and 10.
2
Calculate the greatest common factor of 28 and 50092.
28
Calculate the highest common divisor of 2925 and 117.
117
Calculate the highest common divisor of 2033 and 19.
19
Calculate the greatest common factor of 125 and 90.
5
Calculate the greatest common factor of 1056 and 120.
24
What is the greatest common factor of 392 and 3479?
49
Calculate the highest common factor of 35 and 91.
7
Calculate the greatest common divisor of 60 and 4965.
15
Calculate the greatest common divisor of 37 and 1332.
37
What is the highest common divisor of 34 and 1819?
17
What is the highest common factor of 62194 and 242?
242
What is the highest common factor of 1050 and 2400?
150
What is the greatest common factor of 3955 and 7?
7
Calculate the highest common factor of 1725 and 25.
25
Calculate the greatest common factor of 9 and 576.
9
What is the highest common factor of 648 and 8?
8
Calculate the highest common divisor of 1162 and 498.
166
What is the greatest common divisor of 2278 and 670?
134
What is the greatest common divisor of 24 and 56?
8
What is the greatest common factor of 12 and 5748?
12
What is the greatest common factor of 130 and 780?
130
What is the greatest common divisor of 80 and 1840?
80
Calculate the greatest common divisor of 36 and 16332.
12
Calculate the greatest common factor of 16 and 68.
4
Calculate the greatest common factor of 473 and 187.
11
What is the greatest common factor of 10 and 95?
5
Calculate the greatest common factor of 1330 and 76.
38
Calculate the highest common factor of 53 and 848.
53
What is the highest common factor of 58 and 1073?
29
Calculate the highest common factor of 1976 and 832.
104
What is the greatest common factor of 766 and 6?
2
Calculate the highest common divisor of 86 and 6.
2
Calculate the highest common factor of 62 and 2201.
31
Calculate the greatest common factor of 5490 and 630.
90
Calculate the highest common factor of 144 and 80.
16
Calculate the greatest common factor of 1139 and 680.
17
What is the greatest common divisor of 6613 and 51?
17
Calculate the greatest common divisor of 18 and 2.
2
What is the highest common factor of 3 and 228?
3
Calculate the highest common divisor of 1040 and 360.
40
What is the greatest common factor of 4982 and 106?
106
What is the highest common factor of 16 and 112?
16
Calculate the greatest common divisor of 707 and 2727.
101
What is the greatest common factor of 629 and 37?
37
Calculate the greatest common factor of 10 and 6.
2
What is the highest common factor of 13 and 923?
13
Calculate the greatest common factor of 1863 and 81.
81
Calculate the greatest common factor of 73 and 4307.
73
Calculate the greatest common divisor of 49 and 357.
7
What is the highest common factor of 801 and 9?
9
Calculate the greatest common divisor of 172 and 258.
86
Calculate the greatest common factor of 28 and 8302.
14
Calculate the greatest common factor of 105 and 1974.
21
What is the greatest common divisor of 1339 and 13184?
103
Calculate the highest common factor of 253 and 275.
11
What is the highest common divisor of 131 and 2489?
131
Calculate the highest common divisor of 4 and 17.
1
Calculate the greatest common factor of 8 and 166.
2
What is the highest common factor of 20 and 16?
4
What is the greatest common factor of 2755 and 1160?
145
What is the greatest common factor of 2067 and 39?
39
Calculate the highest common divisor of 2 and 62.
2
What is the highest common factor of 938 and 7?
7
Calculate the highest common factor of 54 and 783.
27
What is the greatest common factor of 527 and 17?
17
Calculate the highest common factor of 1106 and 790.
158
Calculate the greatest common divisor of 117 and 598.
13
Calculate the greatest common factor of 16880 and 80.
80
What is the highest common divisor of 1189 and 246?
41
What is the greatest common factor of 672 and 21?
21
Calculate the highest common divisor of 12 and 48.
12
Calculate the greatest common divisor of 13130 and 260.
130
What is the greatest common divisor of 1272 and 2?
2
What is the highest common factor of 5556 and 16?
4
Calculate the highest common factor of 33 and 836.
11
What is the highest common divisor of 12 and 76?
4
Calculate the greatest common divisor of 120 and 1896.
24
Calculate the greatest common divisor of 15 and 16365.
15
What is the highest common factor of 80 and 3680?
80
What is the greatest common divisor of 217 and 7?
7
What is the greatest common divisor of 18 and 32?
2
Calculate the highest common factor of 142 and 497.
71
Calculate the greatest common divisor of 70 and 910.
70
What is the highest common divisor of 697 and 2624?
41
What is the highest common divisor of 252 and 2604?
84
Calculate the greatest common factor of 924 and 1771.
77
Calculate the greatest common factor of 39 and 13.
13
What is the greatest common factor of 7 and 287?
7
What is the highest common factor of 24 and 69?
3
Calculate the highest common divisor of 2320 and 16.
16
Calculate the greatest common factor of 418 and 88.
22
What is the highest common factor of 252 and 48?
12
What is the highest common factor of 99 and 88?
11
What is the highest common factor of 497 and 203?
7
What is the highest common factor of 5496 and 60?
12
What is the greatest common divisor of 152 and 8?
8
What is the highest common factor of 104 and 962?
26
Calculate the greatest common factor of 86 and 215.
43
Calculate the greatest common divisor of 34 and 2.
2
What is the greatest common divisor of 104 and 19526?
26
What is the greatest common factor of 45 and 99?
9
Calculate the highest common factor of 3 and 19.
1
What is the greatest common factor of 219 and 584?
73
What is the highest common factor of 1360 and 20?
20
Calculate the greatest common factor of 702 and 36.
18
What is the greatest common divisor of 2278 and 34?
34
What is the greatest common factor of 87 and 21?
3
Calculate the greatest common factor of 410 and 30.
10
Calculate the highest common factor of 6 and 150.
6
Calculate the greatest common factor of 54 and 216.
54
What is the highest common divisor of 102 and 170?
34
What is the highest common factor of 296 and 185?
37
What is the highest common divisor of 1168 and 16?
16
What is the highest common divisor of 22 and 11?
11
Calculate the greatest common factor of 1677 and 741.
39
Calculate the highest common factor of 275 and 25.
25
What is the highest common divisor of 24 and 3592?
8
What is the highest common divisor of 896 and 7?
7
What is the highest common factor of 91 and 117?
13
Calculate the greatest common divisor of 12016 and 16.
16
Calculate the greatest common factor of 76 and 19038.
38
Calculate the greatest common divisor of 34 and 2.
2
Calculate the greatest common divisor of 71895 and 30.
15
Calculate the highest common factor of 224 and 42.
14
What is the highest common factor of 8211 and 105?
21
Calculate the greatest common factor of 162 and 84.
6
What is the highest common factor of 1086 and 6?
6
What is the greatest common factor of 544 and 17?
17
What is the highest common factor of 108 and 60?
12
Calculate the greatest common divisor of 4160 and 910.
130
Calculate the greatest common divisor of 1159 and 305.
61
What is the greatest common factor of 30 and 129?
3
Calculate the greatest common factor of 414 and 5888.
46
Calculate the greatest common factor of 1323 and 98.
49
Calculate the highest common factor of 168 and 8456.
56
Calculate the highest common factor of 352 and 22.
22
Calculate the highest common divisor of 2268 and 27.
27
What is the highest common factor of 10 and 370?
10
Calculate the greatest common factor of 150 and 40.
10
What is the highest common divisor of 490 and 30?
10
What is the highest common divisor of 96 and 160?
32
What is the greatest common factor of 1781 and 26?
13
Calculate the hig